8279 + -5?
88274
In base 11, what is 5786 + 8a?
5865
In base 5, what is 440002 - -3?
440010
In base 11, what is 5 - 7971a?
-79715
In base 4, what is -3333233 - -11?
-3333222
In base 6, what is -1 + -2111513?
-2111514
In base 12, what is 3519 - 26?
34b3
In base 5, what is -11011 + -1212?
-12223
In base 12, what is 127b57 + -5?
127b52
In base 13, what is -46 + -23420?
-23466
In base 4, what is -10 - -1103210?
1103200
In base 3, what is 1 + 121202220?
121202221
In base 10, what is 22086 - -1?
22087
In base 15, what is -28 - 4ac?
-4d5
In base 11, what is 34a247 + 0?
34a247
In base 16, what is b68 + -12?
b56
In base 4, what is 330300 - 1021?
323213
In base 6, what is 13 + -451341?
-451324
In base 10, what is 423 + -1244?
-821
In base 15, what is -ce5d + -13?
-ce71
In base 9, what is -34031 - -8?
-34022
In base 15, what is 2e4 + 27?
31b
In base 7, what is 13 + -3323?
-3310
In base 11, what is 4 + 95a045?
95a049
In base 16, what is -2 - -6850?
684e
In base 11, what is -109 + -813?
-921
In base 12, what is 37a0 - 54?
3748
In base 10, what is 539421 + 5?
539426
In base 13, what is 1222 + 26b?
1490
In base 9, what is -131152 - -17?
-131134
In base 12, what is 41 - -9a29?
9a6a
In base 16, what is 5930 - 3?
592d
In base 7, what is -4132 - 3002?
-10134
In base 6, what is 23 + -1331221?
-1331154
In base 2, what is -1011 + -1110001010110100011?
-1110001010110101110
In base 7, what is 106 + -530?
-421
In base 2, what is -10 - -11111101100011101?
11111101100011011
In base 11, what is -1a30 - -11?
-1a1a
In base 9, what is -145004 - -11?
-144883
In base 8, what is 10243 + -43?
10200
In base 12, what is -5 + 753b8?
753b3
In base 10, what is -444 - 187?
-631
In base 5, what is -4 - -1030403?
1030344
In base 12, what is -721 + -5?
-726
In base 10, what is -1601 + 739?
-862
In base 5, what is -4 + 140441?
140432
In base 13, what is 92 + 10b56?
10c18
In base 10, what is 9787 - -54?
9841
In base 15, what is 2841 - 2?
283e
In base 11, what is -2192 - -25?
-2168
In base 13, what is 3378 + 40?
33b8
In base 4, what is -13220212 + 3?
-13220203
In base 7, what is 3325 + 1364?
5022
In base 6, what is -1301 - -151?
-1110
In base 4, what is -33222 - -13102?
-20120
In base 8, what is 4501 + -113?
4366
In base 12, what is 0 + -69a0?
-69a0
In base 11, what is -31438 - -1?
-31437
In base 16, what is -67a61 + -1?
-67a62
In base 7, what is 3666 - 4110?
-111
In base 13, what is 839 - -2a?
866
In base 5, what is 24 + 21113230?
21113304
In base 12, what is 5 + -26b15?
-26b10
In base 12, what is -2b - 5932?
-5961
In base 4, what is -1 + -1030023211?
-1030023212
In base 10, what is 10206 - -97?
10303
In base 14, what is -3d8d3 + -5?
-3d8d8
In base 8, what is 7721 - -572?
10513
In base 16, what is 8 + 92bd?
92c5
In base 6, what is 2 - 455104?
-455102
In base 5, what is -23133212 - 4?
-23133221
In base 10, what is -5 - 10600?
-10605
In base 15, what is e + -601?
-5e2
In base 3, what is 1 - -1210222210220?
1210222210221
In base 10, what is 84 - 9392?
-9308
In base 7, what is -13 - 64441?
-64454
In base 13, what is -3 + 5003?
5000
In base 6, what is 43055 - -4?
43103
In base 11, what is 5 - -5415?
541a
In base 5, what is -13 + -23202113?
-23202131
In base 7, what is 13563 + -113?
13450
In base 13, what is -4 + -54776?
-5477a
In base 9, what is -1358 + -65?
-1434
In base 9, what is 71 + 20?
101
In base 3, what is -1 + 20210120111?
20210120110
In base 4, what is 10203 + -3112?
1031
In base 2, what is 1111100111000 + 1?
1111100111001
In base 11, what is -332 + -74?
-3a6
In base 16, what is b95c + 4?
b960
In base 10, what is -75 + -2020?
-2095
In base 3, what is 12 - -110220212211?
110220220000
In base 7, what is -1 + -1616514?
-1616515
In base 14, what is 3 + -5c46?
-5c43
In base 7, what is 1 - 241202?
-241201
In base 3, what is -112 - -12011012200?
12011012011
In base 4, what is 3232331 + -1202?
3231123
In base 9, what is 34208 - -14?
34223
In base 11, what is -39 - -34a?
311
In base 12, what is -4 + 18a332?
18a32a
In base 16, what is -10a13d + 2?
-10a13b
In base 12, what is 14612a - -2?
146130
In base 11, what is -23 - -8a0?
878
In base 7, what is 43425 - 0?
43425
In base 10, what is -4 + -389704?
-389708
In base 8, what is 1357 - -56?
1435
In base 16, what is -1bf18 - -2?
-1bf16
In base 9, what is 3721 + -1205?
2515
In base 7, what is -214 - 1032?
-1246
In base 4, what is -20212 + -1101?
-21313
In base 12, what is -8a + -90a3?
-9171
In base 15, what is 3ce + -1c?
3b2
In base 5, what is -2132101 + 10?
-2132041
In base 4, what is -31213033 + 0?
-31213033
In base 14, what is 0 + 205a34?
205a34
In base 13, what is -a + -832c4?
-83301
In base 4, what is -12003 - -320?
-11023
In base 3, what is -1010121 + 1100?
-1002021
In base 6, what is -1323231 - -2?
-1323225
In base 6, what is 25 - 1032525?
-1032500
In base 12, what is 1a - -14a?
168
In base 8, what is -24165 + 21?
-24144
In base 7, what is 66 + 340?
436
In base 9, what is 4044 - -261?
4315
In base 15, what is -b - -3352?
3346
In base 14, what is 3 + 2cd8?
2cdb
In base 5, what is -10 - 1044443?
-1100003
In base 3, what is -21 + -112120200100?
-112120200121
In base 4, what is 1312 + 1031311?
1033223
In base 15, what is 1d78 - 0?
1d78
In base 7, what is -34224 + 415?
-33506
In base 5, what is -111341123 + 4?
-111341114
In base 16, what is -33ba + 0?
-33ba
In base 13, what is -1bc - -a4?
-118
In base 4, what is 100302200 - 3?
100302131
In base 13, what is -14009 + 8c?
-13c4a
In base 5, what is 2 - 2340134?
-2340132
In base 15, what is -39a14 - 13?
-39a27
In base 10, what is -126213 - 2?
-126215
In base 9, what is -2803313 + 1?
-2803312
In base 10, what is 1 + -472855?
-472854
In base 13, what is -9 - -5c2b?
5c22
In base 4, what is 3 + -23002302?
-23002233
In base 7, what is 4 - -3124?
3131
In base 6, what is 23124 + 1?
23125
In base 10, what is -112 + -2051?
-2163
In base 5, what is 423443 - -2?
424000
In base 15, what is -2 + -bd79?
-bd7b
In base 11, what is 170 - 515?
-355
In base 9, what is -20644 + 2?
-20642
In base 4, what is -1011133310 - 1?
-1011133311
In base 15, what is 4 + c92?
c96
In base 4, what is 0 + 202101011?
202101011
In base 16, what is -1 - -20fe?
20fd
In base 13, what is 0 - -4385?
4385
In base 13, what is -56 + -36b?
-3c4
In base 14, what is -3 - -375?
372
In base 16, what is -155a41 + -4?
-155a45
In base 9, what is 3251 + 12?
3263
In base 10, what is 541 - -457?
998
In base 16, what is 3 - -9ff?
a02
In base 11, what is 12 - 218979?
-218967
In base 10, what is 343696 - -7?
343703
In base 9, what is 1014 - 10803?
-8778
In base 14, what is 5b6 - -20?
5d6
In base 9, what is 33 - 14748?
-14715
In base 10, what is -2602 - -3?
-2599
In base 16, what is -1e - 7ec4?
-7ee2
In base 3, what is 2 + -20200210120?
-20200210111
In base 13, what is -6c2c + -12?
-6c41
In base 12, what is 777 + -4?
773
In base 3, what is -2 - -22000021?
22000012
In base 13, what is -3 - -7437?
7434
In base 6, what is -30 - 33130?
-33200
In base 11, what is 20 + 42655?
42675
In base 16, what is b8 + 1?
b9
In base 16, what is -2bedf + -3?
-2bee2
In base 13, what is -199 + 93?
-106
In base 10, what is 32227 + -34?
32193
In base 8, what is -256 + 406?
130
In base 3, what is -10 + 111000122020?
111000122010
In base 8, what is 0 - 21520?
-21520
In base 16, what is 5c53 - -4?
5c57
In base 4, what is 222111 + 1320?
230031
In base 16, what is 161 - -7a5?
906
In base 13, what is 953 - -12?
965
In base 7, what is -3212114 + -3?
-3212120
In base 6, what is 2110 - 12402?
-10252
In base 8, what is 31 - 5706?
-5655
In base 5, what is -310 + -13243?
-14103
In base 8, what is 2462306 - -4?
2462312
In base 14, what is -7 - 7611?
-7618
In base 2, what is 1 + -10000000010000?
-10000000001111
In base 12, what is -1 - 16868?
-16869
In base 6, what is -13551 - -44?
-13503
In base 2, what is 111110110010 - -1110011?
1000000100101
In base 2, what is -1011001110 - 101001001?
-10000010111
In base 8, what is -51 - -11377?
11326
In base 3, what is 211 - 122021?
-121110
In base 13, what is 212ba + 1?
212bb
In base 13, what is -9cc + -a0?
-a9c
In base 16, what is -6 + 4866?
4860
In base 11, what is -2805 + 209?
-25a7
In base 7, what is 430 + -403?
24
In base 6, what is -125 + 2012?
1443
In base 11, what is 14818 - 5?
14813
In base 2, what is -110010110 + -11111?
-110110101
In base 6, w